a.
26
Suppose 4*u - 422 = 126. Suppose 3*c - u = 97. Calculate the greatest common divisor of 13 and c.
13
Let z(b) = 2*b**2 - 7*b + 4. Suppose 3*j + 2*k = 11, 0 = 2*k - 4*k - 4. Let p be z(j). Let v be 1*(0 - 2) + p. Calculate the highest common divisor of v and 85.
17
Let i be (-3 - -2)/(22/(-20) - -1). What is the greatest common factor of 40 and i?
10
Let d(w) = -w**2 + 7*w - 5. Let j be d(4). Suppose 6*h - 2*h = 3*n - 3, 25 = 5*n. Suppose a = h*a - 56. What is the greatest common factor of a and j?
7
Let b(a) = -3*a**3 + 16 + 2*a**3 - 7 - 11*a**2. Let w be b(-11). Let u = -117 - -216. Calculate the greatest common divisor of w and u.
9
Let i(r) = r**2 - 2*r - 5. Let j be i(4). Suppose -3*o + 113 = z, 7*z - 4*z - 333 = -j*o. Let p = 2 - -8. Calculate the greatest common factor of p and z.
10
Let u = -7 + 11. Suppose -4*s = s + 35. Let y = s + 17. Calculate the highest common divisor of y and u.
2
Let t = 66 - 62. What is the greatest common divisor of 4 and t?
4
Let n be (-6)/3 + (-3 - (-43)/1). What is the highest common divisor of 152 and n?
38
Suppose -2 = -y - 0. Suppose 0 = -y*k + k + 16. Suppose 20 = 5*f - 2*q, -f + 5 = -q + 1. Calculate the greatest common factor of f and k.
4
Suppose 413 = 2*a - l, -3*a - l + 2*l = -622. Let b be (-6 + 5)*38/(1 + -3). What is the greatest common factor of a and b?
19
Let r be ((-10)/(-3))/((-14)/(-147)). Suppose 2*a - 7 = a. Calculate the greatest common divisor of r and a.
7
Suppose 3*k - n - 16 = 21, -4*n = -4*k + 44. Let u = 0 - -2. Suppose 3*f - 4*m - 318 = -m, -3*f + 316 = -u*m. What is the highest common divisor of k and f?
13
Let c = -22 + 38. What is the highest common divisor of 80 and c?
16
Let y be (-9 + -1)*((-513)/15 + -1). What is the highest common divisor of 44 and y?
44
Let p be ((-60)/(-14))/((-10)/(-70)). Calculate the highest common factor of p and 270.
30
Let k be 12 - (-2 + 2 + -2). Suppose -11*t = -2366 + 826. What is the highest common divisor of k and t?
14
Suppose 11*w - 750 = 6*w. Calculate the highest common divisor of w and 30.
30
Let y be (1*5)/(4/8). Let z be ((-4)/(-6))/(y/585). What is the highest common factor of z and 26?
13
Suppose -6 = -5*q + 29. Calculate the greatest common factor of q and 7.
7
Let n(l) = l + 1. Let g be n(5). Let m(h) = h**3 - 7*h**2 - h + 10. Let k be m(7). What is the greatest common divisor of g and k?
3
Let p(u) = -u + 2*u + 17 + 2. Let m be p(8). What is the greatest common divisor of m and 9?
9
Suppose 5*g + 29 = -d + 11, 0 = -5*d + 3*g + 22. Suppose d*a + 22 = 2*p, -50 = -4*p + a + a. Calculate the highest common factor of 14 and p.
14
Let d(i) = -i - 1. Let l be d(-7). Suppose t + 1 = l. Suppose -5*q + 163 = -3*g, -5*q + 2*g + 195 = 7*g. Calculate the greatest common divisor of q and t.
5
Let x be ((-2)/6)/((-3)/9). Let i be -2 - (-66 + x/(-1)). Suppose r - 1 = 12. What is the highest common divisor of r and i?
13
Let w be 520/3*(-24)/(-20). What is the greatest common divisor of 26 and w?
26
Let l be (36/16)/((-2)/(-144)). Suppose 0 = -3*r + 81 + l. Suppose -26 = -3*g + 1. Calculate the highest common factor of g and r.
9
Suppose -4*u + 0*u = 0, 2*g - 126 = 3*u. Calculate the highest common factor of g and 21.
21
Let o be 4/(-18) + 245/9. Suppose 2*b + 3*b = 0. Suppose -3*u + 33 - 6 = b. Calculate the highest common factor of o and u.
9
Let d(c) = 3*c + 19. Let t be d(17). What is the highest common factor of t and 175?
35
Suppose 79 + 16 = 5*s. Let t(x) = -17*x**3 + 2*x**2 - 4*x - 3. Let m be t(-3). Let n = 695 - m. What is the highest common divisor of s and n?
19
Let u be (-1 - -1)/(1 + -3). Let x = u + 2. Let l be ((-12)/14)/(x/(-14)). Calculate the greatest common divisor of l and 12.
6
Let d(b) = b**2 - 3*b + 6. Suppose -2*v - 8 = 0, -5*l + 4*v + 0*v + 41 = 0. Let y be d(l). What is the greatest common factor of 24 and y?
8
Let b = -88 + 93. What is the greatest common factor of 55 and b?
5
Let y = -12 - -18. Let g(m) = -m - 2. Let w be g(-4). Suppose -60 = -2*f - w*f. What is the highest common divisor of f and y?
3
Let z be (1 - 6 - -3)*2. Let v be (-2 - z)*100/8. What is the greatest common factor of 5 and v?
5
Let g be 0 + (-308)/(-4) + -2. What is the highest common factor of 50 and g?
25
Let b(q) = q**2 + 4*q. Let z be b(-7). Calculate the highest common factor of 7 and z.
7
Let i = -6 + 9. Suppose i*r - 21 - 3 = 0. Calculate the greatest common factor of 2 and r.
2
Let i(k) = -13*k. Let w be i(-1). Suppose -5*c + l = -46, -3*c + 5*l + 23 = -c. Let h = c + w. What is the greatest common divisor of h and 2?
2
Suppose -124 = -2*r - 0*i - 4*i, -5*r = -5*i - 385. Calculate the highest common factor of r and 8.
8
Suppose 30 - 90 = -3*f. Suppose 0 = -4*o - 4 + f. Calculate the highest common factor of 6 and o.
2
Suppose -3*z = -4*z - 1. Let r be z*(-40 + -1) - 1. Suppose 8*v = 3*v + 40. What is the greatest common factor of v and r?
8
Suppose y + 2*y = 45. Suppose 303 = 5*x + 3*p, 5*x + 2*p + 2*p = 304. What is the highest common divisor of y and x?
15
Let q = -14 - -25. Let p(h) = -26*h - 2. Let d be p(-6). Suppose 4*f + d = 6*f. Calculate the greatest common factor of q and f.
11
Suppose 0 = -15*z + 13*z + 18. Let s(f) = f + 11. Let o be s(-8). Calculate the highest common factor of z and o.
3
Let r be (2/(-4))/((-3)/18). Suppose 687 = 3*v - v + r*z, 3*z = 2*v - 669. Suppose 5*l - v = 111. Calculate the greatest common factor of l and 10.
10
Suppose 3*w + 15 = 0, -4*y + 0*y + 207 = 5*w. Suppose 0 = -5*z + 2 + y. Calculate the greatest common factor of 3 and z.
3
Let h be (-14)/(-8) + 4/16. Suppose -4 + 3 = -u. Let z be 2/2*(15 + u). Calculate the highest common divisor of z and h.
2
Let q = 13 - 7. What is the highest common divisor of q and 54?
6
Let g = -15 + 21. Suppose g*v + 9 = 9*v. Calculate the greatest common factor of 6 and v.
3
Suppose -11*v + 326 = -466. Let s be (-14)/(-4) - (-1)/(-2). Suppose -y + 0*o = -s*o + 4, y = 4*o - 8. Calculate the highest common divisor of v and y.
8
Suppose 0 = 2*w + g - 158, w - 97 = 3*g - 8*g. Calculate the greatest common factor of w and 11.
11
Suppose 2*b - 204 - 216 = -3*t, 700 = 5*t + 3*b. What is the highest common factor of 20 and t?
20
Let j(h) = -h**2 + 13*h + 12. Let l be j(7). Calculate the greatest common divisor of 6 and l.
6
Suppose 193 - 13 = -3*s. Let c = -32 - s. Calculate the greatest common divisor of c and 28.
28
Let m(p) = -p + 1. Let u(k) = 5*k - 6. Let j(g) = 3*m(g) + u(g). Let n be j(-7). Let i = -8 - n. What is the greatest common factor of i and 1?
1
Suppose -2*y = -h - 97, 1 - 3 = -2*h. What is the highest common divisor of y and 392?
49
Let i be (2/6 - 0)*12. Suppose 1 = 2*q - 9, -80 = -5*c - i*q. What is the greatest common divisor of 3 and c?
3
Suppose -2*i = 3*q - 1545, 2*i - 5*i - 1560 = -3*q. Calculate the greatest common factor of q and 47.
47
Let s(a) be the first derivative of -a**3/3 + 15*a**2/2 - 4*a - 1. Let o be s(12). Let q = 130 + -82. What is the greatest common factor of q and o?
16
Suppose 0 = 2*g - 3 - 1. Suppose -g*n = -0*i + 4*i - 240, 0 = 2*i + 5*n - 120. What is the highest common factor of i and 20?
20
Suppose 0 = 3*b - 5*u - 108, 5*b + 0*u = -5*u + 180. Calculate the highest common factor of 4 and b.
4
Let c = 10 - 8. Suppose c = v - 4. Let q be (-128)/(-6) + 4/v. Calculate the highest common divisor of 198 and q.
22
Suppose 5*t + 2*u - 895 = 7*u, -2*t - u = -349. Let m = 35 - 19. Calculate the highest common factor of m and t.
16
Let c be (-2)/3 - (-1070)/(-15). Suppose 0 = 4*s - 2*s - 360. Let t = s + c. What is the greatest common divisor of t and 12?
12
Let k(v) = 4*v**2 - 2*v**2 - 3*v**2 + 8. Let l be k(0). Suppose f + a - 39 = -0*f, 0 = -5*f - 3*a + 197. Calculate the highest common divisor of l and f.
8
Let o be 1*3 + 0/(-1). Let g be 2 - o - (-2 - 20). What is the greatest common divisor of 3 and g?
3
Suppose -2 = -3*q + 7. Suppose -4*a = 2*z - 6*a - 222, -4*z + 445 = -q*a. Let o(u) = -2*u + 4. Let x be o(-6). What is the highest common factor of z and x?
16
Suppose 0 = -4*v - 2 + 10. Suppose v*f = 5*f - 429. What is the highest common divisor of 13 and f?
13
Let k(g) = 2*g**2 + 2*g - 2. Let j be k(-2). Suppose 0 = 3*i - j*i - 11. What is the highest common divisor of i and 44?
11
Suppose -3*k = 4*h - 372 + 43, 2*h + 4*k 